 - -427. List the prime factors of 2/c - 823860/(-483).
2, 853
Suppose t = -2*c + 29, -2*t = 4*c - c - 56. Let z = t + -27. List the prime factors of (-2)/(z*(-1)/(-92)).
2, 23
Let x(c) = 180*c**2 + 5*c - 10. Let l be x(3). Let y be (-10)/(-10) - (0 + l). What are the prime factors of 2/(-10) + y/(-20)?
3
Suppose 0 = 5*d + 4*z - 76616, -2*d + 14233 + 16417 = -2*z. What are the prime factors of d?
2, 3, 1277
Suppose 3*x - 102380 = -5*m - 35606, 26712 = 2*m + 2*x. List the prime factors of m.
3, 4451
Let b(a) = 20*a**2 + 8*a - 36. Let z(l) = -20*l**2 - 9*l + 34. Let w(y) = 6*b(y) + 5*z(y). What are the prime factors of w(8)?
2, 17, 37
Let c = -84 + -225. Let z = -459 - c. List the prime factors of (-12470)/z - 2/15.
83
Suppose -w + 1075 = 2*j, 0 = j + 43*w - 40*w - 545. What are the prime factors of j?
2, 67
Let g = 878 - 101. List the prime factors of g.
3, 7, 37
Let k be (0 - (-18)/(-4))/((-3)/42). Suppose k + 329 = 2*w. List the prime factors of w.
2, 7
Suppose -5955*n = -5956*n + 3733. What are the prime factors of n?
3733
Suppose q + 5 = 1. Let k be 55/(-2*q/(-8)). What are the prime factors of 13/(-4) - 5/(-20) - k?
2, 13
Let y(n) = -n + 6. Let a(v) = -v**2 + v - 12. Let g(j) = -3*a(j) - 7*y(j). Let s = 16 + -12. What are the prime factors of g(s)?
2, 29
What are the prime factors of (-511624)/(-18) + 75/(-135)?
43, 661
Suppose 21*r - 14*r = 14. What are the prime factors of (-5 + 5019/(-7))*r/(-4)?
19
Suppose 2*y - 3*j + 5*j = -2, -26 = 5*y - 2*j. Let f(x) = -27*x - 88. What are the prime factors of f(y)?
2, 5
Let r(h) = -19*h**2 - h. Let k be r(-2). Let a = 77 + k. Suppose 0 = -5*d - 4*v + 354, d - a*d = v - 141. List the prime factors of d.
2, 5, 7
Let j(i) = 97*i**2 + 28*i - 177. List the prime factors of j(5).
2, 3, 199
Let z(j) be the first derivative of -31*j**2/2 - 3*j - 79. Let x = 2 - 4. What are the prime factors of z(x)?
59
Let u = -14794 + 22038. List the prime factors of u.
2, 1811
Suppose -289*u - 86*u + 26343750 = 0. What are the prime factors of u?
2, 5, 281
Let z(k) = k**2 + 27*k + 47. Let b be z(-20). Let u = b - -203. List the prime factors of u.
2, 5, 11
Suppose b - 3*b = -5*q - 6725, 0 = b + 5*q - 3340. Suppose 8*y = 19*y - b. List the prime factors of y.
5, 61
Let s(u) = u**2 + 6*u + 2. Let a be s(-6). Let y be (-132 + a)*8/(-4). Let w = y - 165. What are the prime factors of w?
5, 19
Let x(y) = -3*y**2 + 16*y - 15. Let j(w) = -8*w**2 + 47*w - 44. Let q = -28 - -17. Let u(l) = q*x(l) + 4*j(l). What are the prime factors of u(10)?
11, 19
Suppose -4*q - 3*m - 8 = 1, q = 3*m + 9. Suppose q = -14*k + 18*k - 860. List the prime factors of k.
5, 43
Let n(y) = -2*y**3 + 81*y**2 - 277*y - 87. What are the prime factors of n(35)?
3, 1231
Let b(c) = 9*c**3 + c**2 + 4*c. Let t be b(3). Let s = 1756 - 802. Suppose s - t = 6*a. List the prime factors of a.
5, 23
Let a = -56 - -59. Suppose -a*i - 18*o + 14*o + 2271 = 0, 0 = -3*i + 2*o + 2271. List the prime factors of i.
757
Suppose 20*y = 25*y + 540. Let m = -120 - y. Let j = m - -70. What are the prime factors of j?
2, 29
Let a = -117 - 25. Let s = -116 - a. What are the prime factors of s?
2, 13
Let o(a) = a**3 - 14*a**2 + a - 8. Let c be o(14). Let z be (c/(-4) - -1)*2 + -2. List the prime factors of (z + 6)*-1 + 30.
3
Let a(m) = 1308*m**2 + 3 + 2 + 3*m + 0 - 1. Let f be a(-1). Suppose f = 17*h - 10*h. List the prime factors of h.
11, 17
Let z = 0 + 6. Let h = z + -5. List the prime factors of -4 + (6 - (-2 + h)).
3
Suppose -9*p + 2*p = 70. Let t(f) = -f**3 - 9*f**2 + 7*f - 21. Let r be t(p). Suppose -5*l = -r*l + 32. What are the prime factors of l?
2
Let c(i) be the first derivative of -i**4/2 + 11*i**3 - 3*i**2 - 62*i - 185. List the prime factors of c(16).
2, 7
Suppose -4*l - 3*k = k - 720, 2*k = 0. Let o be (1 - 17)*(l/(-16))/3. Suppose f = -5*a + 162, -o = a - 3*a - 2*f. List the prime factors of a.
3, 11
Let y be (2/4)/1*42. Let x be ((-6)/y)/(3/21). List the prime factors of (x/6)/(1/(-243)).
3
Let s = -3476 + 7502. List the prime factors of s.
2, 3, 11, 61
Let z = -674 + 327. Let h = -290 - z. What are the prime factors of h?
3, 19
Let d(r) = 2*r - 58. Let k be d(25). Let b be (k/5)/(2/(-110)). Let a = b - 26. List the prime factors of a.
2, 31
Let i(s) = -s**3 - 5*s**2 - 6*s - 1. Suppose -7 = 5*w - 4*n - 8, -4*n = 16. Let o(f) = 3*f + 3. Let k be o(w). List the prime factors of i(k).
71
Let j(i) = -i**3 - 7*i**2 - 4*i - 98. Let f be j(-8). List the prime factors of 5 + (10/f - -2) - -125.
127
Suppose -4*v = 12, -c + 2*v = v - 11. Suppose m + c = 5*m. Suppose -6*z + z - 2*q + 443 = 0, 5*q - 173 = -m*z. List the prime factors of z.
89
Let u = -1527 - -2725. Suppose 0 = -v - h + 404, 4*h + u = 3*v - 0*h. What are the prime factors of v?
2, 3, 67
Let j be (612/(-54))/(1/3). Let p = j + 114. List the prime factors of p.
2, 5
Let k be ((-762)/(-4))/(-7 + (-187)/(-22)). List the prime factors of k/(-7 - 624/(-88)).
11, 127
Let m(f) = 53*f**2 - 37*f - 1278. List the prime factors of m(-23).
2, 5, 11, 251
Let w be -6 + (3 - 0) + 27. Let z(t) = -t**3 + 24*t**2 + 16*t + 9. What are the prime factors of z(w)?
3, 131
What are the prime factors of 578 - -19851 - (0 + -16)?
3, 5, 29, 47
List the prime factors of (-6222*1)/(8 + -9).
2, 3, 17, 61
Let q(a) = 72*a - 76. Let r be q(3). Let n = r - 24. What are the prime factors of n?
2, 29
Suppose 55002 - 21846 = 6*s - 0*s. List the prime factors of s.
2, 3, 307
Let z be 1287/22 + (-2 - (-15)/6). Let c = z + -16. Suppose c*k - 41*k = 162. What are the prime factors of k?
3
Let u = 30608 + -13811. List the prime factors of u.
3, 11, 509
Let d(q) = q - 2. Let n be d(6). Suppose -3*h + 1228 = -4*g, -3*h - 396 = -n*h - 2*g. List the prime factors of h.
2, 101
Let m = -17769 + 39341. List the prime factors of m.
2, 5393
Let f(t) = -2*t + 21. Let d be (-240)/(-70) + (-4)/(-7). Let a be f(d). Let u(n) = 4*n - 30. List the prime factors of u(a).
2, 11
Let a = -135 - -159. Let p be 96/a*(-6)/(-8). Suppose -p*g = -62 + 32. What are the prime factors of g?
2, 5
Suppose -4*y - 16 = -5*r, r + 4*y + 1 = 9*y. Suppose 2*u - u - 286 = 5*v, r*u - 1054 = 2*v. What are the prime factors of u?
3, 29
Suppose -5*r - 143 = 3*l, 3*r - 4*l = -r - 108. Let x(h) = -h**3 - 28*h**2 - 9*h + 27. What are the prime factors of x(r)?
3, 31
Suppose 12 = 25*j - 21*j. Let u be 2 + -2 + -1 + (-6)/j. What are the prime factors of u/(-15) + (-1088)/(-10)?
109
Suppose 0 = -3*x + 3*t + 9, 0 = -2*x - 3*t - 2*t - 29. Let w be (-17)/(-3) - x/(-3). List the prime factors of (-15)/((10/w)/(-6)).
3, 5
Suppose 3*y + 821 = 233. Suppose 0*a = 4*v + 4*a - 1168, 0 = -3*v - 2*a + 874. Let d = v + y. What are the prime factors of d?
2, 47
Let q = -8499 + 37406. List the prime factors of q.
137, 211
Suppose 0*j + 3*j - 15 = 0. Suppose -2*n + j*n = -i + 6, 3*n - 24 = 5*i. Suppose 0 = -p + n*p - 158. List the prime factors of p.
79
Let v be (-1)/3 + 17/(-3). Suppose -3*o - 76 = -u + 19, 5*u - 145 = 4*o. What are the prime factors of v/4 + (-4965)/o?
2, 41
Let i(c) = 2*c**2 + 9*c + 21. Suppose -13*m + 12*m = -3. Suppose -24 + 0 = m*x. What are the prime factors of i(x)?
7, 11
Let f = 71 - 67. Let a(r) = 2*r**3 + 3*r**2 + 9*r - 1. What are the prime factors of a(f)?
211
Suppose -5*b + s = 4032 - 28085, b - 3*s = 4805. List the prime factors of b.
17, 283
Suppose -7*h + 27 = -4*h. Suppose -h*i + 5*r - 14 = -8*i, 3*r + 54 = -2*i. List the prime factors of (-67)/(((-18)/i)/((-3)/2)).
2, 67
Let x = 54617 + -35312. What are the prime factors of x?
3, 5, 11, 13
Let v = -782 - -605. Let i = 234 + v. What are the prime factors of i?
3, 19
List the prime factors of (-5)/((-20)/(-26))*4950/(-5).
3, 5, 11, 13
List the prime factors of (-714699)/(-26 + (1 - -16)).
79411
Suppose a = 4*w - 3*w + 11, 5*a - 3*w = 47. Let b(s) = s**3 - 6*s**2 + 16*s - 14. What are the prime factors of b(a)?
3, 7
Let x = -211 + 207. List the prime factors of (39/x)/(3/(-16)).
2, 13
Let s = 176176 + -105167. What are the prime factors of s?
17, 4177
Suppose 167*c - 166*c - 1465 - 5071 = 0. List the prime factors of c.
2, 19, 43
Let j = -95 - -165. Let d = j + -79. Let t(f) = f**3 + 12*f**2 + 8*f + 39. What are the prime factors of t(d)?
2, 3, 5, 7
Let h = -527 - -532. What are the prime factors of -8 - (5/h - 1213)?
2, 7, 43
S